 = o**3 - 12*o**2 + 2*o - 14. Let p(g) = g + 12. Let h be p(0). Let q be t(h). Calculate the greatest common factor of q and 10.
10
Let b(f) = -f**3 + 12*f**2 - 10*f + 8. Let l be b(8). Calculate the highest common factor of l and 23.
23
Suppose -7 - 11 = -x. Suppose -x = -2*o + 5*k + 25, 0 = 3*o + 5*k - 77. Calculate the highest common divisor of o and 3.
3
Suppose 3*q = n + 7 + 2, 0 = -3*n. Let y be -220*(33/15 - q). Let c be 16*(-1 + 0 - -2). Calculate the greatest common divisor of y and c.
16
Let f = 6 + 13. Calculate the greatest common factor of f and 19.
19
Suppose -91 = -5*a + n, n + 0*n = 4. What is the highest common factor of a and 19?
19
Suppose 3*v - 155 = -5*j - 58, v - 31 = -3*j. What is the greatest common factor of v and 85?
17
Let b be (-24)/3*(-6)/4. Suppose -8 - b = -l. Calculate the greatest common factor of l and 80.
20
Let k = 384 - -150. Suppose -a - 3*a = -5*x + k, -x = 5*a - 130. What is the highest common divisor of 10 and x?
10
Let y be ((-24)/4)/(-2) + 13. Calculate the highest common divisor of 24 and y.
8
Let b be (1224/51)/(0 + (-3)/(-32)). Calculate the greatest common divisor of b and 16.
16
Suppose -2*m = -30 - 42. What is the greatest common divisor of 24 and m?
12
Suppose -14 = -0*z - 2*z + 2*i, i + 23 = 5*z. Suppose -5*b - 2*j = -14 - 32, -z*b + j + 42 = 0. Calculate the greatest common divisor of b and 70.
10
Let b = -11 - -15. Suppose 4*r = -4*q + 4 - 0, 0 = 4*q + b. Let i be (-2)/(10/(-4) + r). What is the greatest common factor of i and 4?
4
Let p(y) = 2*y**2. Let d be p(-1). Suppose -2*g + 4*i + 24 = -0*i, -d*i = -3*g + 28. Calculate the greatest common factor of g and 40.
8
Suppose -11*g - 168 = -15*g. What is the highest common factor of 28 and g?
14
Suppose -3*m = -5*m + 6. Suppose -m*q + 10 = -71. What is the greatest common divisor of 3 and q?
3
Suppose 0 = 5*j + 5*s - 90, -j + 0*j + 4*s + 23 = 0. Calculate the highest common factor of j and 38.
19
Let r(h) = -h + 18. Let z be r(0). What is the highest common divisor of z and 162?
18
Suppose -5*z - 5 = -5*p, -z = p + 1 - 2. Suppose -u + 15 = -p. Let l = -5 - -9. What is the greatest common factor of u and l?
4
Let v(f) = 3*f**2 - 2*f + 1. Suppose -6 = 4*j + 5*c, -j + c = -c - 5. Let l be v(j). Calculate the greatest common divisor of l and 10.
2
Suppose 0 = 2*s - 0*s - 4. What is the greatest common divisor of s and 14?
2
Suppose -7*g - 32 = -4*r - 2*g, r - g = 7. Suppose 2*m = m - 2*z + 3, -3 = -m + 4*z. Suppose 13 = m*x - 14. What is the greatest common divisor of r and x?
3
Let u be 2 + -1 + (-25)/(-5). Calculate the greatest common divisor of 18 and u.
6
Suppose -2*y + 2*o + 16 = -o, 5*y - 4*o - 33 = 0. What is the greatest common factor of y and 40?
5
Let a = 4 - 2. Let x(w) = w**3 + 9*w**2 - 7*w + 4 - 2*w**a - 2*w. Let g be x(-8). Calculate the greatest common divisor of 4 and g.
4
Let y be (4 + -18)/((-4)/6). Calculate the highest common divisor of y and 35.
7
Let o = -67 + 113. What is the greatest common factor of 23 and o?
23
Let s be 50 - ((-8)/4 - 2). Calculate the greatest common divisor of s and 6.
6
Let a(u) = u**2 + 4*u - 2. Let q be a(-6). What is the greatest common factor of q and 15?
5
Let m = 332 + -196. What is the greatest common factor of m and 8?
8
Let d be (-26)/(-1) + 2 + -4. Suppose d = -0*o + 2*o. Calculate the greatest common factor of o and 8.
4
Let c be 2 + 52 + -3 + 0. Calculate the greatest common divisor of c and 17.
17
Let j(z) = 5*z**2 - 2*z - 1. Let o be j(-1). Let s = o - 13. Let f = s - -13. What is the greatest common divisor of f and 18?
6
Let s be (-2)/(-5) + (-552)/30. Let m be (3 + 2)*s/(-5). Let l = -98 - -143. What is the greatest common divisor of m and l?
9
Let b be (1 - (44 + 3))/(-1). Calculate the greatest common divisor of 69 and b.
23
Let n be 24/56 + 2038/14. Suppose 2*v - n = 104. What is the highest common factor of v and 50?
25
Suppose 0 = -9*z + 4*z + 55. Let d = z - 21. Let c = d + 76. What is the greatest common divisor of 6 and c?
6
Let y = 75 - 54. Suppose 13 = f - y. What is the highest common divisor of f and 17?
17
Let h(g) = -5*g**2 + 6*g - 1. Let y be h(-6). Let z = -96 - y. Calculate the greatest common divisor of z and 11.
11
Let c = 20 - -20. Let m(n) = n**3 + 6*n**2 + n. Let r be m(-5). What is the highest common factor of c and r?
20
Suppose -5*h = 3*s + 2*s, 2*h = 2*s - 4. Let w be (8/6)/(h/(-3)). Suppose c - 31 = -o, w*o - 59 = -5*c + 95. What is the highest common factor of 10 and c?
10
Let f = -3 - -12. Let y be 36/10*5/1. Calculate the highest common divisor of f and y.
9
Let a be -3*(-1)/((-6)/4). Let c be 12*-1*a/2. Let o(r) = -r**3 - 2*r**2 - r. Let q be o(-4). Calculate the highest common divisor of c and q.
12
Let t be (-48)/(-14)*(-1 + 8). Let p be (-2 - 1)*(-4)/6. Suppose p*s - 9 = 3*m, -s - 3 = -2*m - 5. What is the highest common factor of t and s?
12
Suppose 2*s - 156 = -4*t, 54 = -0*s + s - 4*t. Calculate the highest common factor of s and 14.
14
Let r(j) = 6*j + 2*j**3 - 5*j**3 + 2*j**3 + 6*j**2 + 4 - 2. Let h be r(6). Calculate the greatest common divisor of 19 and h.
19
Suppose -7*u = -12*u + 15. What is the highest common factor of 3 and u?
3
Let d = 0 - -52. Calculate the greatest common divisor of d and 416.
52
Let y be 9/(-3)*(-74)/6. Let q = y - -26. Let t be (-432)/(-60) - 2/10. Calculate the greatest common factor of t and q.
7
Let b(n) = n - 20. Let t be b(13). Let r(y) = y**3 - 5*y**2 + 2*y + 1. Let k be r(5). Let d = k + t. What is the highest common factor of 4 and d?
4
Let a be (-15)/(-3) + (-1)/1. Suppose -3*v = -v - a. Let w be (4/2)/(2/v). What is the highest common factor of 8 and w?
2
Suppose 84 = -7*k + 3*k. Let g = k + 28. Calculate the greatest common factor of 77 and g.
7
Let y be (-68)/(-6) - (-2)/3. Let r be 12/1 + (0 - 0). Calculate the greatest common factor of r and y.
12
Let z(m) = -2*m - 13. Let r be z(-7). Suppose 5*u - 15 = 2*u. Suppose 4*s - 34 = -q, 2*q + 44 = 5*s - u. What is the highest common divisor of r and s?
1
Let f = -15 - -19. Let s be (0 - -6)*12/18. What is the highest common factor of f and s?
4
Let s be (-30)/4*(12/(-4) + -13). Calculate the greatest common factor of s and 15.
15
Suppose 36 = -0*v - 4*v + 4*c, -3*v - 2*c = 7. Let t = v + 5. Suppose t = 5*u - 171 - 149. Calculate the greatest common factor of 8 and u.
8
Suppose -u + 82 = 5*q - 3*u, -74 = -3*q - 5*u. Suppose -v - q = -4*v. What is the highest common divisor of v and 6?
6
Let q(c) = 68*c**2 - c. Let u be q(-1). Let t = -17 + u. Suppose 171 + 193 = 14*s. Calculate the highest common divisor of t and s.
26
Suppose 16 = 4*f + 3*x - 17, -f - 5*x = -21. Calculate the greatest common divisor of f and 9.
3
Suppose -5*c - 6*y = -y - 645, 2*y - 518 = -4*c. Suppose 5*a = -d + 93 + c, -a = 2*d - 401. Let t = 215 - 197. Calculate the highest common factor of d and t.
18
Let h(j) = 16*j - 5 + 11 + 6. Let t be h(-8). Let b = 164 + t. What is the highest common factor of 6 and b?
6
Let o = 55 + 2. Let p = -41 + o. What is the greatest common divisor of p and 16?
16
Suppose 4*t - w = 383, 2*t + 2*w - 3*w = 191. Suppose 2*q - 48 = -2*q. What is the greatest common factor of q and t?
12
Suppose 0 = -t + 12 + 8. Let p be 352/t + (-4)/(-10). Calculate the highest common divisor of p and 2.
2
Let q = 42 + -20. Calculate the highest common divisor of 132 and q.
22
Let t = -8 + 10. Suppose -6*n = -2*n - 4*s - 28, -t*n + 34 = 3*s. Calculate the greatest common divisor of n and 77.
11
Suppose -2*l = -3*l + 5*t + 28, l - 19 = 2*t. Calculate the highest common divisor of 143 and l.
13
Let q be 1 + -2 + 37 + 3. Let v = q + -27. Suppose 0 = 2*f - 6 - 30. Calculate the greatest common divisor of v and f.
6
Suppose 0 = 3*x - p + 28, -3*x - 2*p - 2*p - 8 = 0. Let m = x + 14. Calculate the greatest common divisor of 3 and m.
3
Let i = -6 - -5. Let o be (-3)/i - 134/(-2). Calculate the greatest common factor of 14 and o.
14
Let y(k) = -2*k + 52. Let r be y(22). Calculate the greatest common factor of 32 and r.
8
Let o(u) = -92*u**3 + u**2 + u - 1. Let q be o(-1). Calculate the highest common divisor of 13 and q.
13
Suppose -4*j + 108 = -4*k, 0 = -3*j - 3*k - 2*k + 57. Suppose 3*s - 30 - 42 = 0. Let r be -48*(-15)/s*2. Calculate the greatest common divisor of j and r.
12
Let a